it of w?
1
Let q(t) = -47 - 8*t - 26*t + 9*t - 42. What is the tens digit of q(-11)?
8
Let p = 11657 + -6935. What is the thousands digit of p?
4
Suppose 5*a - 1 = 2*g + 8, 0 = -5*g - a + 45. What is the units digit of (g + -3 + -6)*547*-1?
7
Let q(l) = -935*l + 131. What is the thousands digit of q(-3)?
2
Let g = -2 - -1. Let k = -2118 + 2116. What is the tens digit of (k - -2 - g)*71?
7
Let m = 211 - 210. What is the units digit of m + 493 + (-10)/8*4?
9
Let y(n) = -1001*n + 3876. What is the ten thousands digit of y(-17)?
2
Let b be 8/(5/((-65)/2)). Suppose 95*w - 436 + 3 + 53 = 0. What is the tens digit of (-6825)/b - (-2 + 9/w)?
3
Let m(q) be the second derivative of 229*q**3/6 - 11*q**2 + 3*q + 1. What is the units digit of m(4)?
4
Suppose -10*a = -11*a - 6. Let w be ((0 - -4) + -1)/((-9)/a). Suppose w*z - 229 - 59 = 0. What is the hundreds digit of z?
1
Let j be (0 - (1 - 1))*(-5)/(-5). Suppose j = -9*c - 350 - 775. What is the tens digit of (1 + 47*1)/((-50)/c)?
2
What is the hundreds digit of (219375/(-100))/((-9)/36)?
7
Let n(l) = -835*l - 2297. What is the thousands digit of n(-33)?
5
Let n be 6/(-12) - (2 - 50/4). Suppose -n*l = -6*l - 1308. What is the hundreds digit of l?
3
Suppose 5*o - 3*u - u - 4 = 0, o + 4*u = -4. Let y(v) = 2*v**2 - 7*v - 12. Let z be y(6). Let l = z + o. What is the units digit of l?
8
Let u(d) = 96*d**3 + d**2 - 2*d + 2. Let g(m) = -3*m + 21. Let x be g(8). Let b be (-4 + 11/3)*x. What is the units digit of u(b)?
7
Let v = -30150 + 101302. What is the ten thousands digit of v?
7
Let b = 124047 - 87425. What is the hundreds digit of b?
6
Suppose 2*w = 7642 - 4355 + 69619. What is the ten thousands digit of w?
3
Let f(z) = -z**3 + 16*z**2 - 36*z - 5. Let p be f(11). Suppose 257*t = 260*t - p. What is the units digit of t?
8
Let j = 16440 - 16241. What is the units digit of j?
9
Suppose -39 = 2*i + 3*c, i + 2*c + 3 = -18. Let k = 373 - 291. Let h = i + k. What is the units digit of h?
7
Let a = 30368 + -3750. What is the units digit of a?
8
Let i be (-4)/(-16) + (2 - (-117)/12). Let w = 335 + i. What is the units digit of w?
7
Let q(s) = -5*s**2 + 3*s - 14. Let x(u) = 4*u**2 - u + 13. Let j(d) = -3*q(d) - 2*x(d). What is the units digit of j(5)?
6
Suppose 6 = -5*x + 4*x. Let t be (-21)/x - 9/(-6). Suppose 3*w + 46 = t*w. What is the units digit of w?
3
Let y(s) = 78*s**2 - s + 1. Suppose 2*a + 12 = -4*o, -4*a + 6 = 3*o - 5*o. What is the units digit of y(o)?
6
Let o = -2141 - -14216. What is the tens digit of o?
7
Let v(c) = 170*c**2 + 51*c - 203. Let u be v(4). Suppose k = 2*d - 1810, -79*d + 3*k = -76*d - u. What is the units digit of d?
3
Let l be (-3)/(1 + (-4)/(-6)*-3). Let p be (-6)/(-9)*(-414)/(-1). Suppose 0 = -l*g + p + 72. What is the units digit of g?
6
Let x(z) = -5*z - 61. Let p be x(-13). Suppose p*h + 222 - 682 = 0. What is the tens digit of h?
1
Suppose 8 = -5*s + 3*s. Let c be (-2)/s*((-7 - -12) + -1). Suppose 3*a = -c*m + 270, -a + 3*a - 4 = 0. What is the hundreds digit of m?
1
Suppose 2*a = 6, -36444 = -2*s + 3*a + 3515. What is the units digit of s?
4
Suppose i - 35 - 6 = 0. Suppose -i = 5*q - 241. What is the units digit of q?
0
Let x = -13555 - -30143. What is the ten thousands digit of x?
1
Let a(d) = -282*d - 637. What is the units digit of a(-13)?
9
Suppose -11*c - 8130 = -16*c. Suppose d = 4*z - 0*z + 554, -3*d + c = -3*z. What is the units digit of d?
8
Let x(z) = 57*z**2 - 8*z + 2. Let b be x(-2). Let y = 129 + b. What is the tens digit of y?
7
Let m be 11/(22/12) - (2 + -1). What is the hundreds digit of 3498/m - ((-259)/35 + 7)?
7
Let q(f) = -9939*f + 3377. What is the hundreds digit of q(-4)?
1
Let l = 113 - 109. Suppose u - 184 = -2*x - l*u, -3*x + 3*u = -318. What is the tens digit of x?
0
Let g(q) = q. Let f(t) = -80*t - 3. Let z = 40 + -37. Let h(b) = z*g(b) - f(b). What is the hundreds digit of h(2)?
1
Suppose 4*k = -b - 1273, 0*k - 952 = 3*k - 2*b. Let f = -139 - 42. Let i = f - k. What is the units digit of i?
7
Suppose -2*s - p + 348 = 0, 5*s - 86 = -5*p + 779. Let u(h) = h**3 + 3*h**2 - 48*h - 60. Let l be u(-9). Let q = s + l. What is the tens digit of q?
6
Let g(x) = -x - 109. Let b be g(-9). What is the tens digit of (b/(-8))/((-4)/(-56))?
7
Let s = 44 + -39. Suppose -s*v + 39 = 4. What is the units digit of 89/v - (-1 + (-20)/(-28))?
3
Suppose -3*j - 69 = -3*y, -y - 116 = 4*j + y. Let k be (-6)/4*(-18)/j. Let t = k - -86. What is the units digit of t?
5
Suppose u - 357 = -171. Let o = 445 - u. What is the hundreds digit of o?
2
Suppose 0 = 2*a + 71 + 11. Let s = a - -41. Suppose 3*x = 4*y - 6 + 34, -x + 5*y + 24 = s. What is the units digit of x?
4
Let t(c) = c + 3. Let q be t(-9). Let d(y) = y**2 + y - 32. Let u be d(q). What is the tens digit of ((-356)/(-20))/(u/(-20))?
7
Let j(m) be the first derivative of -m**4/4 - 7*m**3 - 11*m**2 + 17*m - 38. What is the hundreds digit of j(-21)?
4
Suppose 3*s = 3*k - 7995, k - 3*s - 803 - 1864 = 0. What is the thousands digit of k?
2
Suppose -12 = -4*o - 3*l, 5*o - 8 - 7 = -l. Let h be (-142)/(-4) + o/(-12)*2. Suppose -32*b = -h*b + 291. What is the units digit of b?
7
Suppose 0 = -28*n + 14*n - 42. Let r(w) = -6*w**3 - 7*w - 10. What is the hundreds digit of r(n)?
1
Suppose -56*b - 66887 = -711223. What is the tens digit of b?
0
Suppose 77 = 5*r - 28. Let i = r - 12. Suppose 1 = -4*c + i, -3*c = -4*f + 298. What is the tens digit of f?
7
Suppose 29*m - 44*m = -401040. What is the units digit of m?
6
Suppose 28 = 4*z, -248*z - 63887 = -4*w - 245*z. What is the tens digit of w?
7
Let d be (1 - -1)*-1*(-12)/24. What is the tens digit of (d - -423)/((-3 + 5)/2)?
2
Let o = 40 + -46. Let k(j) = -j**2 - 10*j - 16. Let x be k(o). What is the hundreds digit of x*(0 + 12) - -4?
1
Suppose 0 = 2*z - 5*i - 3578, -2*z - z + i + 5367 = 0. What is the thousands digit of z?
1
Suppose -3*t + 3*s = -3744, -16*t + s + 2493 = -14*t. Suppose 5*l - 2083 = w, 3*l - 9*w - t = -10*w. What is the units digit of l?
6
Let s = 50 + -39. Let n = 2 - s. What is the units digit of (-3)/(-2 + (-15)/n)?
9
Suppose -20 = 5*j + 3*k - 193, -5*j = -4*k - 166. Suppose 9264 = -j*m + 40*m. What is the units digit of m?
4
Let v(y) be the second derivative of 2*y**3/3 + 28*y**2 - 48*y. Let h be v(-14). Suppose h = 2*m - 298 + 86. What is the units digit of m?
6
Suppose -2*f - 3*l + 38786 = 6444, -f - 2*l + 16173 = 0. What is the hundreds digit of f?
1
Let g(a) = -72*a + 62. Let m be g(-13). Let l = m - 442. What is the units digit of l?
6
Let d(n) = -20*n**2 - 4*n - 4. Let h(o) = 41*o**2 + 8*o + 9. Let p(y) = -5*d(y) - 2*h(y). Let w be p(-1). Suppose w*j - 12*j = 252. What is the tens digit of j?
6
Let s(a) be the second derivative of -1/6*a**4 - 1/3*a**3 + 115/2*a**2 + 28*a + 0. What is the units digit of s(0)?
5
Suppose -3*r + d = -7539, 4*d + 0*d - 10068 = -4*r. Let m = r + -1719. What is the tens digit of m?
9
Let o(l) = l**2 + l. Let t(h) = -3*h**2 + 3*h - 1. Let d(r) = -4*o(r) - t(r). Let y be -1*(-39)/(-7) + 8/14. What is the tens digit of d(y)?
1
Suppose -15938 = -4*w - 5*q, q + 15902 = -60*w + 64*w. What is the thousands digit of w?
3
Let p = 48475 + -27475. What is the tens digit of p?
0
Let j = 310 - 310. What is the units digit of (j - -120)*(-722)/(-95)?
2
Suppose -i + 2 = 5*v, -2*i + v - 160 + 164 = 0. Suppose 2216 - 292 = d - i*b, -d = 4*b - 1930. What is the units digit of d?
6
Let w(b) = 56*b - 27. Let d be w(7). Let a = d - 57. What is the hundreds digit of a?
3
What is the hundreds digit of (-2)/5 + 39449872/2255?
4
What is the units digit of 1/((-26)/(-10) - 3)*(-35564)/5?
2
Suppose -42*t = -39*t - 10599. Suppose 2*g - 3*j - 2345 + 584 = 0, 5*j = -4*g + t. What is the hundreds digit of g?
8
Let c be (-2)/(-6) + (-296)/6. Let s(u) = u**2 - 125*u - 3577. Let a be s(-24). What is the hundreds digit of (c - a)/(-6*(-1)/(-20))?
1
Let q(i) = 724*i + 22. Let g be q(2). Suppose -g = 12*z - 17*z. What is the hundreds digit of z?
2
Let x(u) = 30*u - 50. Let c(b) = 90*b - 151. Let v(g) = -6*c(g) + 17*x(g). Let z be v(-8). Let i = -192 + z. What is the hundreds digit of i?
1
Let s(k) be the third derivative of -5*k**4/12 - k**3/3 + 3*k**2. Let b be s(1). What is the units digit of (b/(-1) - -3)*8?
0
Let o(k) = -886*k - 1248. What is the thousands digit o